[INFO] cloning repository https://github.com/aurae-runtime/aurae
[INFO] running `Command { std: "git" "-c" "credential.helper=" "-c" "credential.helper=/workspace/cargo-home/bin/git-credential-null" "clone" "--bare" "https://github.com/aurae-runtime/aurae" "/workspace/cache/git-repos/https%3A%2F%2Fgithub.com%2Faurae-runtime%2Faurae", kill_on_drop: false }`
[INFO] [stderr] Cloning into bare repository '/workspace/cache/git-repos/https%3A%2F%2Fgithub.com%2Faurae-runtime%2Faurae'...
[INFO] running `Command { std: "git" "rev-parse" "HEAD", kill_on_drop: false }`
[INFO] [stdout] 970b0cd4574f316cbd0d841c50d405e6ba9cd67f
[INFO] checking aurae-runtime/aurae against master#9610dfe5a9a731ced1ea4923ecbd0c57fe367898 for beta-170-4
[INFO] running `Command { std: "git" "clone" "/workspace/cache/git-repos/https%3A%2F%2Fgithub.com%2Faurae-runtime%2Faurae" "/workspace/builds/worker-5-tc1/source", kill_on_drop: false }`
[INFO] [stderr] Cloning into '/workspace/builds/worker-5-tc1/source'...
[INFO] [stderr] done.
[INFO] validating manifest of git repo https://github.com/aurae-runtime/aurae on toolchain 9610dfe5a9a731ced1ea4923ecbd0c57fe367898
[INFO] running `Command { std: CARGO_HOME="/workspace/cargo-home" RUSTUP_HOME="/workspace/rustup-home" "/workspace/cargo-home/bin/cargo" "+9610dfe5a9a731ced1ea4923ecbd0c57fe367898" "metadata" "--manifest-path" "Cargo.toml" "--no-deps", kill_on_drop: false }`
[INFO] started tweaking git repo https://github.com/aurae-runtime/aurae
[INFO] finished tweaking git repo https://github.com/aurae-runtime/aurae
[INFO] tweaked toml for git repo https://github.com/aurae-runtime/aurae written to /workspace/builds/worker-5-tc1/source/Cargo.toml
[INFO] crate git repo https://github.com/aurae-runtime/aurae already has a lockfile, it will not be regenerated
[INFO] running `Command { std: CARGO_HOME="/workspace/cargo-home" RUSTUP_HOME="/workspace/rustup-home" "/workspace/cargo-home/bin/cargo" "+9610dfe5a9a731ced1ea4923ecbd0c57fe367898" "fetch" "--manifest-path" "Cargo.toml", kill_on_drop: false }`
[INFO] [stderr]     Updating crates.io index
[INFO] [stderr]     Updating git repository `https://github.com/containers/youki`
[INFO] [stderr]     Updating git submodule `https://github.com/opencontainers/runtime-tools.git`
[INFO] [stderr]     Blocking waiting for file lock on package cache
[INFO] [stderr]  Downloading crates ...
[INFO] [stderr]   Downloaded deno_fetch v0.119.0
[INFO] [stderr]   Downloaded pbjson v0.5.1
[INFO] [stderr]   Downloaded swc_ecma_transforms_classes v0.111.3
[INFO] [stderr]   Downloaded better_scoped_tls v0.1.0
[INFO] [stderr]   Downloaded swc_visit_macros v0.5.5
[INFO] [stderr]   Downloaded signature v2.0.0
[INFO] [stderr]   Downloaded protobuf-parse v3.2.0
[INFO] [stderr]   Downloaded swc_common v0.29.37
[INFO] [stderr]   Downloaded tonic-health v0.8.0
[INFO] [stderr]   Downloaded deno_webidl v0.95.0
[INFO] [stderr]   Downloaded deno_broadcast_channel v0.89.0
[INFO] [stderr]   Downloaded urlpattern v0.2.0
[INFO] [stderr]   Downloaded fly-accept-encoding v0.2.0
[INFO] [stderr]   Downloaded deno_http v0.90.0
[INFO] [stderr]   Downloaded deno_cache v0.27.0
[INFO] [stderr]   Downloaded deno_ffi v0.82.0
[INFO] [stderr]   Downloaded axum v0.6.4
[INFO] [stderr]   Downloaded uapi-proc v0.0.5
[INFO] [stderr]   Downloaded netlink-sys v0.8.4
[INFO] [stderr]   Downloaded serial_test v1.0.0
[INFO] [stderr]   Downloaded ipnetwork v0.20.0
[INFO] [stderr]   Downloaded ast_node v0.8.6
[INFO] [stderr]   Downloaded text_lines v0.6.0
[INFO] [stderr]   Downloaded dynasmrt v1.2.3
[INFO] [stderr]   Downloaded sourcemap v6.2.1
[INFO] [stderr]   Downloaded uapi v0.2.10
[INFO] [stderr]   Downloaded syscalls v0.6.9
[INFO] [stderr]   Downloaded iter_tools v0.1.4
[INFO] [stderr]   Downloaded procfs v0.14.2
[INFO] [stderr]   Downloaded toml_edit v0.19.7
[INFO] [stderr]   Downloaded aya v0.11.0
[INFO] [stderr]   Downloaded swc_ecma_parser v0.130.2
[INFO] [stderr]   Downloaded dynasm v1.2.3
[INFO] [stderr]   Downloaded oci-spec v0.6.0
[INFO] [stderr]   Downloaded bcder v0.7.1
[INFO] [stderr]   Downloaded deno_websocket v0.100.0
[INFO] [stderr]   Downloaded protobuf-codegen v3.2.0
[INFO] [stderr]   Downloaded rust-criu v0.4.0
[INFO] [stderr]   Downloaded deno_node v0.32.0
[INFO] [stderr]   Downloaded swc_ecma_transforms_typescript v0.171.4
[INFO] [stderr]   Downloaded swc_ecma_ast v0.100.1
[INFO] [stderr]   Downloaded tungstenite v0.16.0
[INFO] [stderr]   Downloaded libffi v3.1.0
[INFO] [stderr]   Downloaded clone3 v0.2.3
[INFO] [stderr]   Downloaded path-clean v1.0.1
[INFO] [stderr]   Downloaded is-macro v0.2.1
[INFO] [stderr]   Downloaded from_variant v0.1.4
[INFO] [stderr]   Downloaded deno_net v0.87.0
[INFO] [stderr]   Downloaded md4 v0.10.2
[INFO] [stderr]   Downloaded unicode-id v0.3.3
[INFO] [stderr]   Downloaded fs3 v0.5.0
[INFO] [stderr]   Downloaded winnow v0.3.6
[INFO] [stderr]   Downloaded swc_config v0.1.4
[INFO] [stderr]   Downloaded swc_ecma_transforms_macros v0.5.0
[INFO] [stderr]   Downloaded libffi-sys v2.1.0
[INFO] [stderr]   Downloaded cache_control v0.2.0
[INFO] [stderr]   Downloaded netif v0.1.6
[INFO] [stderr]   Downloaded simple_test_case v1.1.0
[INFO] [stderr]   Downloaded swc_ecma_codegen_macros v0.7.1
[INFO] [stderr]   Downloaded swc_atoms v0.4.39
[INFO] [stderr]   Downloaded swc_visit v0.5.4
[INFO] [stderr]   Downloaded swc_ecma_visit v0.86.1
[INFO] [stderr]   Downloaded block-modes v0.9.1
[INFO] [stderr]   Downloaded deno_napi v0.25.0
[INFO] [stderr]   Downloaded cbc v0.1.2
[INFO] [stderr]   Downloaded axum-core v0.3.2
[INFO] [stderr]   Downloaded prctl v1.0.0
[INFO] [stderr]   Downloaded multi_log v0.1.2
[INFO] [stderr]   Downloaded serial_test_derive v1.0.0
[INFO] [stderr]   Downloaded syslog-tracing v0.1.0
[INFO] [stderr]   Downloaded console_static_text v0.7.1
[INFO] [stderr]   Downloaded swc_config_macro v0.1.0
[INFO] [stderr]   Downloaded string_enum v0.3.3
[INFO] [stderr]   Downloaded swc_eq_ignore_macros v0.1.1
[INFO] [stderr]   Downloaded swc_macros_common v0.3.6
[INFO] [stderr]   Downloaded deno_console v0.95.0
[INFO] [stderr]   Downloaded deno_flash v0.31.0
[INFO] [stderr]   Downloaded aes-kw v0.2.1
[INFO] [stderr]   Downloaded deno_url v0.95.0
[INFO] [stderr]   Downloaded deno_web v0.126.0
[INFO] [stderr]   Downloaded swc_ecma_transforms_proposal v0.156.4
[INFO] [stderr]   Downloaded x509-certificate v0.18.0
[INFO] [stderr]   Downloaded deno_crypto v0.109.0
[INFO] [stderr]   Downloaded deno_kv v0.3.0
[INFO] [stderr]   Downloaded tokio-tungstenite v0.16.1
[INFO] [stderr]   Downloaded deno_ops v0.55.0
[INFO] [stderr]   Downloaded deno_webstorage v0.90.0
[INFO] [stderr]   Downloaded swc_ecma_transforms_react v0.167.4
[INFO] [stderr]   Downloaded deno_io v0.5.0
[INFO] [stderr]   Downloaded deno_fs v0.5.0
[INFO] [stderr]   Downloaded fslock v0.1.8
[INFO] [stderr]   Downloaded swc_ecma_codegen v0.135.2
[INFO] [stderr]   Downloaded deno_tls v0.82.0
[INFO] [stderr]   Downloaded swc_ecma_loader v0.41.39
[INFO] [stderr]   Downloaded v8 v0.66.0
[INFO] [stderr]   Downloaded swc_ecma_utils v0.113.3
[INFO] [stderr]   Downloaded deno_ast v0.25.0
[INFO] [stderr]   Downloaded serde_v8 v0.88.0
[INFO] [stderr]   Downloaded dprint-swc-ext v0.8.0
[INFO] [stderr]   Downloaded swc_ecma_transforms_base v0.122.3
[INFO] [stderr]   Downloaded deno_core v0.177.0
[INFO] [stderr]   Downloaded deno_runtime v0.103.0
[INFO] running `Command { std: "docker" "create" "-v" "/var/lib/crater-agent-workspace/builds/worker-5-tc1/target:/opt/rustwide/target:rw,Z" "-v" "/var/lib/crater-agent-workspace/builds/worker-5-tc1/source:/opt/rustwide/workdir:ro,Z" "-v" "/var/lib/crater-agent-workspace/cargo-home:/opt/rustwide/cargo-home:ro,Z" "-v" "/var/lib/crater-agent-workspace/rustup-home:/opt/rustwide/rustup-home:ro,Z" "-e" "SOURCE_DIR=/opt/rustwide/workdir" "-e" "CARGO_TARGET_DIR=/opt/rustwide/target" "-e" "CARGO_HOME=/opt/rustwide/cargo-home" "-e" "RUSTUP_HOME=/opt/rustwide/rustup-home" "-w" "/opt/rustwide/workdir" "-m" "1610612736" "--user" "0:0" "--network" "none" "ghcr.io/rust-lang/crates-build-env/linux@sha256:19e73879b68f455e41552ea35293514db52ea292d993f571636dbffedb77a1ee" "/opt/rustwide/cargo-home/bin/cargo" "+9610dfe5a9a731ced1ea4923ecbd0c57fe367898" "metadata" "--no-deps" "--format-version=1", kill_on_drop: false }`
[INFO] [stdout] b315b05b8e232499ca5d689eb4f27a79ee57db860411c81466e38d3daada7002
[INFO] running `Command { std: "docker" "start" "-a" "b315b05b8e232499ca5d689eb4f27a79ee57db860411c81466e38d3daada7002", kill_on_drop: false }`
[INFO] running `Command { std: "docker" "inspect" "b315b05b8e232499ca5d689eb4f27a79ee57db860411c81466e38d3daada7002", kill_on_drop: false }`
[INFO] running `Command { std: "docker" "rm" "-f" "b315b05b8e232499ca5d689eb4f27a79ee57db860411c81466e38d3daada7002", kill_on_drop: false }`
[INFO] [stdout] b315b05b8e232499ca5d689eb4f27a79ee57db860411c81466e38d3daada7002
[INFO] running `Command { std: "docker" "create" "-v" "/var/lib/crater-agent-workspace/builds/worker-5-tc1/target:/opt/rustwide/target:rw,Z" "-v" "/var/lib/crater-agent-workspace/builds/worker-5-tc1/source:/opt/rustwide/workdir:ro,Z" "-v" "/var/lib/crater-agent-workspace/cargo-home:/opt/rustwide/cargo-home:ro,Z" "-v" "/var/lib/crater-agent-workspace/rustup-home:/opt/rustwide/rustup-home:ro,Z" "-e" "SOURCE_DIR=/opt/rustwide/workdir" "-e" "CARGO_TARGET_DIR=/opt/rustwide/target" "-e" "CARGO_INCREMENTAL=0" "-e" "RUST_BACKTRACE=full" "-e" "RUSTFLAGS=--cap-lints=forbid" "-e" "RUSTDOCFLAGS=--cap-lints=forbid" "-e" "CARGO_HOME=/opt/rustwide/cargo-home" "-e" "RUSTUP_HOME=/opt/rustwide/rustup-home" "-w" "/opt/rustwide/workdir" "-m" "1610612736" "--user" "0:0" "--network" "none" "ghcr.io/rust-lang/crates-build-env/linux@sha256:19e73879b68f455e41552ea35293514db52ea292d993f571636dbffedb77a1ee" "/opt/rustwide/cargo-home/bin/cargo" "+9610dfe5a9a731ced1ea4923ecbd0c57fe367898" "check" "--frozen" "--all" "--all-targets" "--message-format=json", kill_on_drop: false }`
[INFO] [stdout] 7ed8c7922fb88fd0e1b218aadeba64cbfb3f716d22db4c79885b47220993f878
[INFO] running `Command { std: "docker" "start" "-a" "7ed8c7922fb88fd0e1b218aadeba64cbfb3f716d22db4c79885b47220993f878", kill_on_drop: false }`
[INFO] [stderr]    Compiling libc v0.2.140
[INFO] [stderr]    Compiling proc-macro2 v1.0.50
[INFO] [stderr]    Compiling quote v1.0.23
[INFO] [stderr]    Compiling unicode-ident v1.0.6
[INFO] [stderr]    Compiling syn v1.0.107
[INFO] [stderr]    Compiling serde_derive v1.0.152
[INFO] [stderr]    Compiling serde v1.0.152
[INFO] [stderr]    Compiling memchr v2.5.0
[INFO] [stderr]    Compiling ahash v0.7.6
[INFO] [stderr]    Compiling indexmap v1.9.2
[INFO] [stderr]    Compiling lock_api v0.4.9
[INFO] [stderr]    Compiling parking_lot_core v0.9.6
[INFO] [stderr]    Compiling once_cell v1.17.1
[INFO] [stderr]    Compiling libm v0.2.6
[INFO] [stderr]    Compiling num-traits v0.2.15
[INFO] [stderr]    Compiling typenum v1.16.0
[INFO] [stderr]    Compiling cc v1.0.78
[INFO] [stderr]    Compiling futures-core v0.3.26
[INFO] [stderr]    Compiling num-integer v0.1.45
[INFO] [stderr]    Compiling generic-array v0.14.6
[INFO] [stderr]    Compiling either v1.8.1
[INFO] [stderr]    Compiling slab v0.4.7
[INFO] [stderr]    Compiling futures-channel v0.3.26
[INFO] [stderr]    Compiling futures-task v0.3.26
[INFO] [stderr]    Compiling futures-util v0.3.26
[INFO] [stderr]    Compiling anyhow v1.0.68
[INFO] [stderr]    Compiling aho-corasick v0.7.20
[INFO] [stderr]     Checking getrandom v0.2.8
[INFO] [stderr]    Compiling regex-syntax v0.6.29
[INFO] [stderr]    Compiling serde_json v1.0.94
[INFO] [stderr]     Checking smallvec v1.10.0
[INFO] [stderr]    Compiling spin v0.5.2
[INFO] [stderr]     Checking pin-project-lite v0.2.9
[INFO] [stderr]    Compiling rand_core v0.6.4
[INFO] [stderr]    Compiling hashbrown v0.12.3
[INFO] [stderr]    Compiling tokio v1.25.0
[INFO] [stderr]     Checking parking_lot v0.12.1
[INFO] [stderr]    Compiling lazy_static v1.4.0
[INFO] [stderr]    Compiling log v0.4.17
[INFO] [stderr]     Checking itoa v1.0.5
[INFO] [stderr]    Compiling thiserror v1.0.38
[INFO] [stderr]     Checking num_cpus v1.15.0
[INFO] [stderr]    Compiling num-bigint v0.4.3
[INFO] [stderr]    Compiling which v4.4.0
[INFO] [stderr]     Checking bytes v1.4.0
[INFO] [stderr]     Checking pin-utils v0.1.0
[INFO] [stderr]     Checking percent-encoding v2.2.0
[INFO] [stderr]     Checking futures-sink v0.3.26
[INFO] [stderr]    Compiling fnv v1.0.7
[INFO] [stderr]     Checking futures-io v0.3.26
[INFO] [stderr]    Compiling ring v0.16.20
[INFO] [stderr]     Checking base64 v0.13.1
[INFO] [stderr]    Compiling unicode-xid v0.2.4
[INFO] [stderr]     Checking mio v0.8.6
[INFO] [stderr]     Checking tinyvec_macros v0.1.0
[INFO] [stderr]     Checking tinyvec v1.6.0
[INFO] [stderr]    Compiling regex v1.7.2
[INFO] [stderr]     Checking socket2 v0.4.7
[INFO] [stderr]     Checking signal-hook-registry v1.4.0
[INFO] [stderr]     Checking tracing-core v0.1.30
[INFO] [stderr]     Checking unicode-bidi v0.3.10
[INFO] [stderr]     Checking unicode-normalization v0.1.22
[INFO] [stderr]     Checking form_urlencoded v1.1.0
[INFO] [stderr]     Checking ryu v1.0.12
[INFO] [stderr]    Compiling scopeguard v1.1.0
[INFO] [stderr]    Compiling ppv-lite86 v0.2.17
[INFO] [stderr]     Checking idna v0.3.0
[INFO] [stderr]    Compiling rand_chacha v0.3.1
[INFO] [stderr]    Compiling strsim v0.10.0
[INFO] [stderr]    Compiling ident_case v1.0.1
[INFO] [stderr]    Compiling rand v0.8.5
[INFO] [stderr]    Compiling pmutil v0.5.3
[INFO] [stderr]    Compiling synstructure v0.12.6
[INFO] [stderr]    Compiling fslock v0.1.8
[INFO] [stderr]    Compiling nom8 v0.2.0
[INFO] [stderr]    Compiling toml_datetime v0.5.1
[INFO] [stderr]    Compiling v8 v0.66.0
[INFO] [stderr]    Compiling rustls v0.20.8
[INFO] [stderr]    Compiling async-trait v0.1.63
[INFO] [stderr]    Compiling httparse v1.8.0
[INFO] [stderr]     Checking const-oid v0.9.1
[INFO] [stderr]    Compiling bitflags v1.3.2
[INFO] [stderr]    Compiling swc_macros_common v0.3.6
[INFO] [stderr]     Checking untrusted v0.7.1
[INFO] [stderr]    Compiling phf_generator v0.10.0
[INFO] [stderr]     Checking http v0.2.9
[INFO] [stderr]    Compiling unicode-id v0.3.3
[INFO] [stderr]    Compiling if_chain v1.0.2
[INFO] [stderr]    Compiling protobuf v3.2.0
[INFO] [stderr]    Compiling subtle v2.4.1
[INFO] [stderr]    Compiling futures-macro v0.3.26
[INFO] [stderr]    Compiling tracing-attributes v0.1.23
[INFO] [stderr]    Compiling tokio-macros v1.8.2
[INFO] [stderr]    Compiling thiserror-impl v1.0.38
[INFO] [stderr]    Compiling pin-project-internal v1.0.12
[INFO] [stderr]    Compiling zeroize_derive v1.3.3
[INFO] [stderr]    Compiling derive_more v0.99.17
[INFO] [stderr]     Checking pin-project v1.0.12
[INFO] [stderr]     Checking tracing v0.1.37
[INFO] [stderr]     Checking zeroize v1.5.7
[INFO] [stderr]    Compiling crypto-common v0.1.6
[INFO] [stderr]     Checking webpki v0.22.0
[INFO] [stderr]     Checking sct v0.7.0
[INFO] [stderr]    Compiling string_cache_codegen v0.5.2
[INFO] [stderr]    Compiling Inflector v0.11.4
[INFO] [stderr]     Checking tower-service v0.3.2
[INFO] [stderr]     Checking byteorder v1.4.3
[INFO] [stderr]    Compiling swc_atoms v0.4.39
[INFO] [stderr]     Checking http-body v0.4.5
[INFO] [stderr]     Checking futures-executor v0.3.25
[INFO] [stderr]     Checking futures v0.3.25
[INFO] [stderr]    Compiling darling_core v0.13.4
[INFO] [stderr]    Compiling swc_visit_macros v0.5.5
[INFO] [stderr]     Checking tokio-util v0.7.4
[INFO] [stderr]     Checking try-lock v0.2.4
[INFO] [stderr]     Checking want v0.3.0
[INFO] [stderr]     Checking static_assertions v1.1.0
[INFO] [stderr]     Checking base64 v0.21.0
[INFO] [stderr]     Checking httpdate v1.0.2
[INFO] [stderr]     Checking base64ct v1.5.3
[INFO] [stderr]     Checking rustls-pemfile v1.0.2
[INFO] [stderr]    Compiling from_variant v0.1.4
[INFO] [stderr]     Checking pem-rfc7468 v0.6.0
[INFO] [stderr]    Compiling swc_eq_ignore_macros v0.1.1
[INFO] [stderr]     Checking der v0.6.1
[INFO] [stderr]     Checking tokio-rustls v0.23.4
[INFO] [stderr]    Compiling darling_macro v0.13.4
[INFO] [stderr]    Compiling itertools v0.10.5
[INFO] [stderr]    Compiling rustversion v1.0.11
[INFO] [stderr]     Checking spki v0.6.0
[INFO] [stderr]    Compiling proc-macro-error-attr v1.0.4
[INFO] [stderr]     Checking url v2.3.1
[INFO] [stderr]    Compiling toml_edit v0.18.1
[INFO] [stderr]     Checking h2 v0.3.15
[INFO] [stderr]     Checking sourcemap v6.2.1
[INFO] [stderr]    Compiling darling v0.13.4
[INFO] [stderr]    Compiling ast_node v0.8.6
[INFO] [stderr]    Compiling proc-macro-crate v1.3.0
[INFO] [stderr]    Compiling proc-macro-error v1.0.4
[INFO] [stderr]     Checking mime v0.3.16
[INFO] [stderr]    Compiling swc_ecma_ast v0.100.1
[INFO] [stderr]    Compiling is-macro v0.2.1
[INFO] [stderr]    Compiling protobuf-support v3.2.0
[INFO] [stderr]    Compiling string_enum v0.3.3
[INFO] [stderr]    Compiling block-buffer v0.10.3
[INFO] [stderr]    Compiling fastrand v1.8.0
[INFO] [stderr]    Compiling deno_ops v0.55.0
[INFO] [stderr]    Compiling remove_dir_all v0.5.3
[INFO] [stderr]    Compiling tempfile v3.3.0
[INFO] [stderr]    Compiling digest v0.10.6
[INFO] [stderr]    Compiling cpufeatures v0.2.5
[INFO] [stderr]     Checking hyper v0.14.23
[INFO] [stderr]     Checking tower-layer v0.3.2
[INFO] [stderr]    Compiling axum-core v0.3.2
[INFO] [stderr]    Compiling serde_bytes v0.11.8
[INFO] [stderr]     Checking adler v1.0.2
[INFO] [stderr]     Checking miniz_oxide v0.5.4
[INFO] [stderr]     Checking tower v0.4.13
[INFO] [stderr]    Compiling axum v0.6.4
[INFO] [stderr]     Checking tokio-stream v0.1.11
[INFO] [stderr]    Compiling psm v0.1.21
[INFO] [stderr]     Checking hex v0.4.3
[INFO] [stderr]     Checking http-range-header v0.3.0
[INFO] [stderr]     Checking flate2 v1.0.24
[INFO] [stderr]     Checking tower-http v0.3.5
[INFO] [stderr]    Compiling prost-derive v0.11.6
[INFO] [stderr]     Checking tokio-io-timeout v1.2.0
[INFO] [stderr]    Compiling async-stream-impl v0.3.3
[INFO] [stderr]     Checking matchit v0.7.0
[INFO] [stderr]     Checking sync_wrapper v0.1.1
[INFO] [stderr]    Compiling protobuf-parse v3.2.0
[INFO] [stderr]     Checking hyper-timeout v0.4.1
[INFO] [stderr]     Checking tracing-futures v0.2.5
[INFO] [stderr]     Checking async-stream v0.3.3
[INFO] [stderr]    Compiling stacker v0.1.15
[INFO] [stderr]     Checking time v0.1.45
[INFO] [stderr]    Compiling smartstring v1.0.1
[INFO] [stderr]     Checking iana-time-zone v0.1.53
[INFO] [stderr]    Compiling proc-macro-hack v0.5.20+deprecated
[INFO] [stderr]     Checking chrono v0.4.23
[INFO] [stderr]     Checking prost v0.11.6
[INFO] [stderr]    Compiling proto-reader v0.0.0 (/opt/rustwide/workdir/crates/proto-reader)
[INFO] [stderr]    Compiling enum_kind v0.2.1
[INFO] [stderr]    Compiling stable_deref_trait v1.2.0
[INFO] [stderr]    Compiling precomputed-hash v0.1.1
[INFO] [stderr]    Compiling new_debug_unreachable v1.0.4
[INFO] [stderr]    Compiling io-lifetimes v1.0.4
[INFO] [stderr]    Compiling string_cache v0.8.7
[INFO] [stderr]    Compiling phf_macros v0.10.0
[INFO] [stderr]    Compiling triomphe v0.1.8
[INFO] [stderr]     Checking toml_datetime v0.6.1
[INFO] [stderr]     Checking serde_spanned v0.6.1
[INFO] [stderr]     Checking pbjson v0.5.1
[INFO] [stderr]    Compiling scoped-tls v1.0.1
[INFO] [stderr]    Compiling encoding_rs v0.8.31
[INFO] [stderr]    Compiling rustc-hash v1.1.0
[INFO] [stderr]     Checking matches v0.1.10
[INFO] [stderr]    Compiling rustix v0.36.7
[INFO] [stderr]     Checking winnow v0.3.6
[INFO] [stderr]     Checking idna v0.2.3
[INFO] [stderr]    Compiling getrandom v0.1.16
[INFO] [stderr]    Compiling better_scoped_tls v0.1.0
[INFO] [stderr]    Compiling lexical-util v0.8.5
[INFO] [stderr]    Compiling swc_visit v0.5.4
[INFO] [stderr]    Compiling serde_repr v0.1.9
[INFO] [stderr]     Checking pem v1.1.1
[INFO] [stderr]     Checking bcder v0.7.1
[INFO] [stderr]    Compiling unicode-width v0.1.10
[INFO] [stderr]     Checking signature v2.0.0
[INFO] [stderr]     Checking linux-raw-sys v0.1.4
[INFO] [stderr]     Checking toml_edit v0.19.7
[INFO] [stderr]     Checking x509-certificate v0.18.0
[INFO] [stderr]    Compiling client-macros v0.0.0 (/opt/rustwide/workdir/client/macros)
[INFO] [stderr]     Checking tonic v0.8.3
[INFO] [stderr]    Compiling swc_common v0.29.37
[INFO] [stderr]     Checking uuid v1.3.0
[INFO] [stderr]     Checking toml v0.7.3
[INFO] [stderr]    Compiling num-iter v0.1.43
[INFO] [stderr]    Compiling crossbeam-utils v0.8.14
[INFO] [stderr]     Checking proto v0.0.0 (/opt/rustwide/workdir/proto)
[INFO] [stdout] error: couldn't read proto/src/../gen/aurae.cells.v0.rs: No such file or directory (os error 2)
[INFO] [stdout]   --> proto/src/lib.rs:37:5
[INFO] [stdout]    |
[INFO] [stdout] 37 |     include!("../gen/aurae.cells.v0.rs");
[INFO] [stdout]    |     ^^^^^^^^^^^^^^^^^^^^^^^^^^^^^^^^^^^^
[INFO] [stdout]    |
[INFO] [stdout]    = note: this error originates in the macro `include` (in Nightly builds, run with -Z macro-backtrace for more info)
[INFO] [stdout] 
[INFO] [stdout] 
[INFO] [stdout] error: aborting due to previous error
[INFO] [stdout] 
[INFO] [stdout] 
[INFO] [stderr] error: could not compile `proto` (lib) due to 2 previous errors
[INFO] [stderr] warning: build failed, waiting for other jobs to finish...
[INFO] [stderr] error: failed to run custom build command for `v8 v0.66.0`
[INFO] [stderr] note: To improve backtraces for build dependencies, set the CARGO_PROFILE_DEV_BUILD_OVERRIDE_DEBUG=true environment variable to enable debug information generation.
[INFO] [stderr] 
[INFO] [stderr] Caused by:
[INFO] [stderr]   process didn't exit successfully: `/opt/rustwide/target/debug/build/v8-0770f1acd34c65c6/build-script-build` (exit status: 101)
[INFO] [stderr]   --- stdout
[INFO] [stderr]   cargo:rerun-if-changed=.gn
[INFO] [stderr]   cargo:rerun-if-changed=BUILD.gn
[INFO] [stderr]   cargo:rerun-if-changed=src/binding.cc
[INFO] [stderr]   cargo:rerun-if-env-changed=CCACHE
[INFO] [stderr]   cargo:rerun-if-env-changed=CLANG_BASE_PATH
[INFO] [stderr]   cargo:rerun-if-env-changed=DENO_TRYBUILD
[INFO] [stderr]   cargo:rerun-if-env-changed=DOCS_RS
[INFO] [stderr]   cargo:rerun-if-env-changed=GN
[INFO] [stderr]   cargo:rerun-if-env-changed=GN_ARGS
[INFO] [stderr]   cargo:rerun-if-env-changed=HOST
[INFO] [stderr]   cargo:rerun-if-env-changed=NINJA
[INFO] [stderr]   cargo:rerun-if-env-changed=OUT_DIR
[INFO] [stderr]   cargo:rerun-if-env-changed=RUSTY_V8_ARCHIVE
[INFO] [stderr]   cargo:rerun-if-env-changed=RUSTY_V8_MIRROR
[INFO] [stderr]   cargo:rerun-if-env-changed=SCCACHE
[INFO] [stderr]   cargo:rerun-if-env-changed=V8_FORCE_DEBUG
[INFO] [stderr]   cargo:rerun-if-env-changed=V8_FROM_SOURCE
[INFO] [stderr]   cargo:rerun-if-env-changed=PYTHON
[INFO] [stderr]   cargo:rustc-link-lib=static=rusty_v8
[INFO] [stderr]   download lockfile: "/opt/rustwide/target/debug/build/lib_download.fslock"
[INFO] [stderr]   static lib URL: https://github.com/denoland/rusty_v8/releases/download/v0.66.0/librusty_v8_release_x86_64-unknown-linux-gnu.a
[INFO] [stderr]   cargo:rustc-link-search=/opt/rustwide/target/debug/gn_out/obj
[INFO] [stderr]   Downloading https://github.com/denoland/rusty_v8/releases/download/v0.66.0/librusty_v8_release_x86_64-unknown-linux-gnu.a
[INFO] [stderr]   Downloading https://github.com/denoland/rusty_v8/releases/download/v0.66.0/librusty_v8_release_x86_64-unknown-linux-gnu.a...
[INFO] [stderr]   <urlopen error [Errno -3] Temporary failure in name resolution>
[INFO] [stderr]   Retrying in 5 s ...
[INFO] [stderr]   Downloading https://github.com/denoland/rusty_v8/releases/download/v0.66.0/librusty_v8_release_x86_64-unknown-linux-gnu.a...
[INFO] [stderr]   <urlopen error [Errno -3] Temporary failure in name resolution>
[INFO] [stderr]   Retrying in 10 s ...
[INFO] [stderr]   Downloading https://github.com/denoland/rusty_v8/releases/download/v0.66.0/librusty_v8_release_x86_64-unknown-linux-gnu.a...
[INFO] [stderr]   <urlopen error [Errno -3] Temporary failure in name resolution>
[INFO] [stderr]   Retrying in 20 s ...
[INFO] [stderr]   Downloading https://github.com/denoland/rusty_v8/releases/download/v0.66.0/librusty_v8_release_x86_64-unknown-linux-gnu.a...
[INFO] [stderr]   <urlopen error [Errno -3] Temporary failure in name resolution>
[INFO] [stderr]   Python downloader failed, trying with curl.
[INFO] [stderr] 
[INFO] [stderr]   --- stderr
[INFO] [stderr]   Traceback (most recent call last):
[INFO] [stderr]     File "/usr/lib/python3.10/urllib/request.py", line 1348, in do_open
[INFO] [stderr]       h.request(req.get_method(), req.selector, req.data, headers,
[INFO] [stderr]     File "/usr/lib/python3.10/http/client.py", line 1282, in request
[INFO] [stderr]       self._send_request(method, url, body, headers, encode_chunked)
[INFO] [stderr]     File "/usr/lib/python3.10/http/client.py", line 1328, in _send_request
[INFO] [stderr]       self.endheaders(body, encode_chunked=encode_chunked)
[INFO] [stderr]     File "/usr/lib/python3.10/http/client.py", line 1277, in endheaders
[INFO] [stderr]       self._send_output(message_body, encode_chunked=encode_chunked)
[INFO] [stderr]     File "/usr/lib/python3.10/http/client.py", line 1037, in _send_output
[INFO] [stderr]       self.send(msg)
[INFO] [stderr]     File "/usr/lib/python3.10/http/client.py", line 975, in send
[INFO] [stderr]       self.connect()
[INFO] [stderr]     File "/usr/lib/python3.10/http/client.py", line 1447, in connect
[INFO] [stderr]       super().connect()
[INFO] [stderr]     File "/usr/lib/python3.10/http/client.py", line 941, in connect
[INFO] [stderr]       self.sock = self._create_connection(
[INFO] [stderr]     File "/usr/lib/python3.10/socket.py", line 824, in create_connection
[INFO] [stderr]       for res in getaddrinfo(host, port, 0, SOCK_STREAM):
[INFO] [stderr]     File "/usr/lib/python3.10/socket.py", line 955, in getaddrinfo
[INFO] [stderr]       for res in _socket.getaddrinfo(host, port, family, type, proto, flags):
[INFO] [stderr]   socket.gaierror: [Errno -3] Temporary failure in name resolution
[INFO] [stderr] 
[INFO] [stderr]   During handling of the above exception, another exception occurred:
[INFO] [stderr] 
[INFO] [stderr]   Traceback (most recent call last):
[INFO] [stderr]     File "/opt/rustwide/cargo-home/registry/src/index.crates.io-6f17d22bba15001f/v8-0.66.0/./tools/download_file.py", line 64, in <module>
[INFO] [stderr]       sys.exit(main())
[INFO] [stderr]     File "/opt/rustwide/cargo-home/registry/src/index.crates.io-6f17d22bba15001f/v8-0.66.0/./tools/download_file.py", line 59, in main
[INFO] [stderr]       DownloadUrl(args.url, f)
[INFO] [stderr]     File "/opt/rustwide/cargo-home/registry/src/index.crates.io-6f17d22bba15001f/v8-0.66.0/./tools/download_file.py", line 45, in DownloadUrl
[INFO] [stderr]       raise e
[INFO] [stderr]     File "/opt/rustwide/cargo-home/registry/src/index.crates.io-6f17d22bba15001f/v8-0.66.0/./tools/download_file.py", line 29, in DownloadUrl
[INFO] [stderr]       response = urlopen(url)
[INFO] [stderr]     File "/usr/lib/python3.10/urllib/request.py", line 216, in urlopen
[INFO] [stderr]       return opener.open(url, data, timeout)
[INFO] [stderr]     File "/usr/lib/python3.10/urllib/request.py", line 519, in open
[INFO] [stderr]       response = self._open(req, data)
[INFO] [stderr]     File "/usr/lib/python3.10/urllib/request.py", line 536, in _open
[INFO] [stderr]       result = self._call_chain(self.handle_open, protocol, protocol +
[INFO] [stderr]     File "/usr/lib/python3.10/urllib/request.py", line 496, in _call_chain
[INFO] [stderr]       result = func(*args)
[INFO] [stderr]     File "/usr/lib/python3.10/urllib/request.py", line 1391, in https_open
[INFO] [stderr]       return self.do_open(http.client.HTTPSConnection, req,
[INFO] [stderr]     File "/usr/lib/python3.10/urllib/request.py", line 1351, in do_open
[INFO] [stderr]       raise URLError(err)
[INFO] [stderr]   urllib.error.URLError: <urlopen error [Errno -3] Temporary failure in name resolution>
[INFO] [stderr]   thread 'main' panicked at 'assertion failed: status.success()', /opt/rustwide/cargo-home/registry/src/index.crates.io-6f17d22bba15001f/v8-0.66.0/build.rs:414:3
[INFO] [stderr]   stack backtrace:
[INFO] [stderr]      0:     0x5569b0585a61 - std::backtrace_rs::backtrace::libunwind::trace::h036e87df56fc4b9d
[INFO] [stderr]                                  at /rustc/9610dfe5a9a731ced1ea4923ecbd0c57fe367898/library/std/src/../../backtrace/src/backtrace/libunwind.rs:93:5
[INFO] [stderr]      1:     0x5569b0585a61 - std::backtrace_rs::backtrace::trace_unsynchronized::hd61eb2dbd6ae476a
[INFO] [stderr]                                  at /rustc/9610dfe5a9a731ced1ea4923ecbd0c57fe367898/library/std/src/../../backtrace/src/backtrace/mod.rs:66:5
[INFO] [stderr]      2:     0x5569b0585a61 - std::sys_common::backtrace::_print_fmt::h00c50d0875db23c9
[INFO] [stderr]                                  at /rustc/9610dfe5a9a731ced1ea4923ecbd0c57fe367898/library/std/src/sys_common/backtrace.rs:65:5
[INFO] [stderr]      3:     0x5569b0585a61 - <std::sys_common::backtrace::_print::DisplayBacktrace as core::fmt::Display>::fmt::h63195ab2dde77ccc
[INFO] [stderr]                                  at /rustc/9610dfe5a9a731ced1ea4923ecbd0c57fe367898/library/std/src/sys_common/backtrace.rs:44:22
[INFO] [stderr]      4:     0x5569b05a638f - core::fmt::rt::Argument::fmt::h83f4110348c688f4
[INFO] [stderr]                                  at /rustc/9610dfe5a9a731ced1ea4923ecbd0c57fe367898/library/core/src/fmt/rt.rs:138:9
[INFO] [stderr]      5:     0x5569b05a638f - core::fmt::write::h509367dd365f983a
[INFO] [stderr]                                  at /rustc/9610dfe5a9a731ced1ea4923ecbd0c57fe367898/library/core/src/fmt/mod.rs:1094:21
[INFO] [stderr]      6:     0x5569b0582f81 - std::io::Write::write_fmt::h8e60bfebdaabfee5
[INFO] [stderr]                                  at /rustc/9610dfe5a9a731ced1ea4923ecbd0c57fe367898/library/std/src/io/mod.rs:1713:15
[INFO] [stderr]      7:     0x5569b0585875 - std::sys_common::backtrace::_print::h96e550016098cde6
[INFO] [stderr]                                  at /rustc/9610dfe5a9a731ced1ea4923ecbd0c57fe367898/library/std/src/sys_common/backtrace.rs:47:5
[INFO] [stderr]      8:     0x5569b0585875 - std::sys_common::backtrace::print::h7a049611b153a02e
[INFO] [stderr]                                  at /rustc/9610dfe5a9a731ced1ea4923ecbd0c57fe367898/library/std/src/sys_common/backtrace.rs:34:9
[INFO] [stderr]      9:     0x5569b0586da7 - std::panicking::default_hook::{{closure}}::h1b023d46676794c4
[INFO] [stderr]     10:     0x5569b0586b94 - std::panicking::default_hook::hea2961dabcf68e83
[INFO] [stderr]                                  at /rustc/9610dfe5a9a731ced1ea4923ecbd0c57fe367898/library/std/src/panicking.rs:288:9
[INFO] [stderr]     11:     0x5569b058725c - std::panicking::rust_panic_with_hook::h4285c91a8168b001
[INFO] [stderr]                                  at /rustc/9610dfe5a9a731ced1ea4923ecbd0c57fe367898/library/std/src/panicking.rs:705:13
[INFO] [stderr]     12:     0x5569b0587111 - std::panicking::begin_panic_handler::{{closure}}::h6ebd0d46f0c6b010
[INFO] [stderr]                                  at /rustc/9610dfe5a9a731ced1ea4923ecbd0c57fe367898/library/std/src/panicking.rs:595:13
[INFO] [stderr]     13:     0x5569b0585e96 - std::sys_common::backtrace::__rust_end_short_backtrace::h92042d128576b63a
[INFO] [stderr]                                  at /rustc/9610dfe5a9a731ced1ea4923ecbd0c57fe367898/library/std/src/sys_common/backtrace.rs:151:18
[INFO] [stderr]     14:     0x5569b0586ea2 - rust_begin_unwind
[INFO] [stderr]                                  at /rustc/9610dfe5a9a731ced1ea4923ecbd0c57fe367898/library/std/src/panicking.rs:593:5
[INFO] [stderr]     15:     0x5569b053b8d3 - core::panicking::panic_fmt::h65404fc8061ee73a
[INFO] [stderr]                                  at /rustc/9610dfe5a9a731ced1ea4923ecbd0c57fe367898/library/core/src/panicking.rs:67:14
[INFO] [stderr]     16:     0x5569b053b963 - core::panicking::panic::h7d9faa13e696cead
[INFO] [stderr]                                  at /rustc/9610dfe5a9a731ced1ea4923ecbd0c57fe367898/library/core/src/panicking.rs:117:5
[INFO] [stderr]     17:     0x5569b054d270 - build_script_build::download_file::he851ff597e1c2e5a
[INFO] [stderr]     18:     0x5569b054da27 - build_script_build::download_static_lib_binaries::h4aae4301ae3d335f
[INFO] [stderr]     19:     0x5569b0549258 - build_script_build::main::h9ce43b14d2406d9f
[INFO] [stderr]     20:     0x5569b0554ef3 - core::ops::function::FnOnce::call_once::h3f732061686ea5ce
[INFO] [stderr]     21:     0x5569b0544bd6 - std::sys_common::backtrace::__rust_begin_short_backtrace::hbf7f309d15f2b7e4
[INFO] [stderr]     22:     0x5569b0544ca9 - std::rt::lang_start::{{closure}}::h555826460519f282
[INFO] [stderr]     23:     0x5569b057e9f5 - core::ops::function::impls::<impl core::ops::function::FnOnce<A> for &F>::call_once::h49ef85a8a8d45198
[INFO] [stderr]                                  at /rustc/9610dfe5a9a731ced1ea4923ecbd0c57fe367898/library/core/src/ops/function.rs:284:13
[INFO] [stderr]     24:     0x5569b057e9f5 - std::panicking::try::do_call::ha1def14af693a135
[INFO] [stderr]                                  at /rustc/9610dfe5a9a731ced1ea4923ecbd0c57fe367898/library/std/src/panicking.rs:500:40
[INFO] [stderr]     25:     0x5569b057e9f5 - std::panicking::try::haa3dc2a1139932e2
[INFO] [stderr]                                  at /rustc/9610dfe5a9a731ced1ea4923ecbd0c57fe367898/library/std/src/panicking.rs:464:19
[INFO] [stderr]     26:     0x5569b057e9f5 - std::panic::catch_unwind::h9d9cbebaf9f15c67
[INFO] [stderr]                                  at /rustc/9610dfe5a9a731ced1ea4923ecbd0c57fe367898/library/std/src/panic.rs:142:14
[INFO] [stderr]     27:     0x5569b057e9f5 - std::rt::lang_start_internal::{{closure}}::hf660a772669a69cc
[INFO] [stderr]                                  at /rustc/9610dfe5a9a731ced1ea4923ecbd0c57fe367898/library/std/src/rt.rs:148:48
[INFO] [stderr]     28:     0x5569b057e9f5 - std::panicking::try::do_call::hb1c34715bb9b1c46
[INFO] [stderr]                                  at /rustc/9610dfe5a9a731ced1ea4923ecbd0c57fe367898/library/std/src/panicking.rs:500:40
[INFO] [stderr]     29:     0x5569b057e9f5 - std::panicking::try::h499866fd990da8f1
[INFO] [stderr]                                  at /rustc/9610dfe5a9a731ced1ea4923ecbd0c57fe367898/library/std/src/panicking.rs:464:19
[INFO] [stderr]     30:     0x5569b057e9f5 - std::panic::catch_unwind::hac1ffec55b72e7bc
[INFO] [stderr]                                  at /rustc/9610dfe5a9a731ced1ea4923ecbd0c57fe367898/library/std/src/panic.rs:142:14
[INFO] [stderr]     31:     0x5569b057e9f5 - std::rt::lang_start_internal::h0fecf91cd579e7b6
[INFO] [stderr]                                  at /rustc/9610dfe5a9a731ced1ea4923ecbd0c57fe367898/library/std/src/rt.rs:148:20
[INFO] [stderr]     32:     0x5569b0544c87 - std::rt::lang_start::h8ff91ec658f2bb11
[INFO] [stderr]     33:     0x5569b0551445 - main
[INFO] [stderr]     34:     0x7f1017011d90 - <unknown>
[INFO] [stderr]     35:     0x7f1017011e40 - __libc_start_main
[INFO] [stderr]     36:     0x5569b053c025 - _start
[INFO] [stderr]     37:                0x0 - <unknown>
[INFO] running `Command { std: "docker" "inspect" "7ed8c7922fb88fd0e1b218aadeba64cbfb3f716d22db4c79885b47220993f878", kill_on_drop: false }`
[INFO] running `Command { std: "docker" "rm" "-f" "7ed8c7922fb88fd0e1b218aadeba64cbfb3f716d22db4c79885b47220993f878", kill_on_drop: false }`
[INFO] [stdout] 7ed8c7922fb88fd0e1b218aadeba64cbfb3f716d22db4c79885b47220993f878
